{"id":2,"date":"2010-11-11T19:21:32","date_gmt":"2010-11-11T19:21:32","guid":{"rendered":"http:\/\/www.blechbuam.com\/blechbuam\/?page_id=2"},"modified":"2024-05-09T16:32:42","modified_gmt":"2024-05-09T15:32:42","slug":"about","status":"publish","type":"page","link":"http:\/\/www.blechbuam.com\/blechbuam\/?page_id=2","title":{"rendered":"Musik"},"content":{"rendered":"<h2>Repertoire<\/h2>\n<p>Urspr\u00fcnglich als Tanzlmusi gegr\u00fcndet umfasst das Reportire der Belchbuam nat\u00fcrlich Tanzl aber auch Oberkrainer,\u00a0Klarinettenmusist\u00fccke, Weisn und einfach alles was wir gerne spielen.\u00a0Dabei spielen wir mit aber auch ohne Noten.<\/p>\n<h2>Anl\u00e4sse<\/h2>\n<p>Grunds\u00e4tzlich gibts nix wo die Belchbuam nicht passen w\u00fcrden haupts\u00e4chlich spielen wir auf\u00a0Feste aller Art wie Freiluftfeste, Zeltfeste, Hochzeiten (auch Kirche), Geburtstagsfeiern usw. Je nach Anlass und Wunsch spielen wir mit oder ohne elektrischer Verst\u00e4rkung (Gitarre und Zugin m\u00fcssen wir immer verst\u00e4rken).<\/p>\n<h2>H\u00f6rproben<\/h2>\n<p>Anbei ein paar H\u00f6rproben gibts hier:<\/p>\n<p><a title=\"Sonnwendnacht\" href=\"http:\/\/www.youtube.com\/watch?v=nf1S5gsQUYU\">Sonnwendnacht (Walzer)<\/a><\/p>\n<p><a title=\"Wallfahrerpolka\" href=\"http:\/\/www.youtube.com\/watch?v=Ib3mFT84auk\">Wallfahrerpolka<\/a><\/p>\n<div id=\"wp_fb_like_button\" style=\"margin:5px 0;float:none;height:100px;\"><script src=\"http:\/\/connect.facebook.net\/de_DE\/all.js#xfbml=1\"><\/script><fb:like href=\"http:\/\/www.blechbuam.com\/blechbuam\/?page_id=2\" send=\"false\" layout=\"standard\" width=\"290\" show_faces=\"true\" font=\"arial\" action=\"like\" colorscheme=\"light\"><\/fb:like><\/div>","protected":false},"excerpt":{"rendered":"<p>Repertoire Urspr\u00fcnglich als Tanzlmusi gegr\u00fcndet umfasst das Reportire der Belchbuam nat\u00fcrlich Tanzl aber auch Oberkrainer,\u00a0Klarinettenmusist\u00fccke, Weisn und einfach alles was wir gerne spielen.\u00a0Dabei spielen wir mit aber auch ohne Noten. Anl\u00e4sse Grunds\u00e4tzlich gibts nix wo die Belchbuam nicht passen w\u00fcrden haupts\u00e4chlich spielen wir auf\u00a0Feste aller Art wie Freiluftfeste, Zeltfeste, Hochzeiten (auch Kirche), Geburtstagsfeiern usw. Je nach Anlass und Wunsch spielen wir mit oder ohne elektrischer Verst\u00e4rkung (Gitarre und Zugin m\u00fcssen wir immer verst\u00e4rken). H\u00f6rproben Anbei ein paar H\u00f6rproben gibts hier: Sonnwendnacht (Walzer) Wallfahrerpolka<\/p>\n","protected":false},"author":1,"featured_media":290,"parent":0,"menu_order":0,"comment_status":"closed","ping_status":"closed","template":"","meta":[],"_links":{"self":[{"href":"http:\/\/www.blechbuam.com\/blechbuam\/index.php?rest_route=\/wp\/v2\/pages\/2"}],"collection":[{"href":"http:\/\/www.blechbuam.com\/blechbuam\/index.php?rest_route=\/wp\/v2\/pages"}],"about":[{"href":"http:\/\/www.blechbuam.com\/blechbuam\/index.php?rest_route=\/wp\/v2\/types\/page"}],"author":[{"embeddable":true,"href":"http:\/\/www.blechbuam.com\/blechbuam\/index.php?rest_route=\/wp\/v2\/users\/1"}],"replies":[{"embeddable":true,"href":"http:\/\/www.blechbuam.com\/blechbuam\/index.php?rest_route=%2Fwp%2Fv2%2Fcomments&post=2"}],"version-history":[{"count":12,"href":"http:\/\/www.blechbuam.com\/blechbuam\/index.php?rest_route=\/wp\/v2\/pages\/2\/revisions"}],"predecessor-version":[{"id":593,"href":"http:\/\/www.blechbuam.com\/blechbuam\/index.php?rest_route=\/wp\/v2\/pages\/2\/revisions\/593"}],"wp:featuredmedia":[{"embeddable":true,"href":"http:\/\/www.blechbuam.com\/blechbuam\/index.php?rest_route=\/wp\/v2\/media\/290"}],"wp:attachment":[{"href":"http:\/\/www.blechbuam.com\/blechbuam\/index.php?rest_route=%2Fwp%2Fv2%2Fmedia&parent=2"}],"curies":[{"name":"wp","href":"https:\/\/api.w.org\/{rel}","templated":true}]}}